6 - 2*k + 15. What is z(15)?
-6
Let w(q) = 5*q - 16. Let t be w(3). Let s(g) = -7*g**3 - 2*g**2 - 2*g - 1. What is s(t)?
6
Let o(h) = -4 - 13 - 14 - 19*h + 2 + 18*h. Give o(-18).
-11
Let s(k) = k**2 - 4*k - 7. Let w be 2/(-4) + 4/8 + -1. Let q be 112/18 + 2/(-9). Let i = w + q. Give s(i).
-2
Let s(h) = -h + 5. Suppose 0*m = i + m + 5, -3*m + 25 = -i. Determine s(i).
15
Let t(b) = b - 1. Let c be (1/(-2))/(-1 - 6/(-4)). Let i(k) = -7*k + 7. Let p(v) = c*i(v) - 6*t(v). Let f(o) = o**2 - 7*o + 2. Let q be f(6). Determine p(q).
-5
Let u(h) = 0*h + h - 45*h**2 - 1 + 0*h + 2*h**3 + 46*h**2. What is u(1)?
3
Let c(q) = 6*q + 7. Let d(x) = x**2 + x - 1. Let v be d(-3). Let j(z) = -5*z - 6. Let f(h) = v*j(h) + 4*c(h). Let w(m) = 7*m + 16. Let a be w(-3). What is f(a)?
3
Let d(n) = -n + 10. Let b be d(8). Let p(h) = -15*h**2 + 4*h - 5. Let j(l) = -8*l**2 + 2*l - 3. Let k(t) = -7*j(t) + 4*p(t). Determine k(b).
-11
Let i be -3*(-13)/(-4)*24/(-6). Let q(r) = 42 + 0*r**2 - 4*r - i + 2*r**2. What is q(2)?
3
Let f(o) = -4*o**2 + o - 7. Let p(r) = -r**2 + 2*r + 3. Let l be p(4). Let u(i) = 7*i**2 - 3*i + 13. Let k(z) = l*f(z) - 3*u(z). Give k(3).
-1
Let s = -134 + 138. Let z(l) = l**2 - l + 1. Give z(s).
13
Let u(g) = -1 + 5 + 2 + 1 - 1 - g. Determine u(3).
3
Let a(h) = 93*h**3 - 7*h**2 - 14*h - 16. Let r(p) = 43*p**3 - 3*p**2 - 7*p - 8. Let z(q) = -6*a(q) + 13*r(q). Determine z(-5).
-23
Let t = -8 + 14. Suppose 2*b - t = b. Let d(y) be the first derivative of -y**2/2 - 5*y - 3. Determine d(b).
-11
Let i(v) be the first derivative of 5*v**2/2 + 14*v + 514. Determine i(-9).
-31
Let s(c) = -c**3 + 4*c**2 - 4*c + 4. Let q(w) = w**2 + 14*w - 29. Suppose -5*g - 32 = -3*g. Let b be q(g). Give s(b).
1
Let i(f) be the second derivative of -f**5/10 - 2*f**4/3 + f**3/3 - f**2/2 - f. Let h(l) = -l**3 - l - 1. Let m(b) = -3*h(b) + i(b). Determine m(7).
-12
Let l(i) = i + 3. Let z be (-1 - (-9)/12) + (-36)/(-16). Let r be 3*-3 + z + -3. Give l(r).
-7
Let x(i) = -25 - 37 + 2*i - 38 - 23 + 144. Calculate x(-12).
-3
Suppose -n + 3*n = -8. Suppose -4*d - c + 5 = 0, 3*c = d - 0*c - 11. Let l(a) = d*a + 3*a - 3 - 7*a. What is l(n)?
5
Let t(h) = -2*h**2 + 7*h - 6. Let i(u) = 5*u**2 - 21*u + 19. Suppose -3*b + 0 - 9 = 0. Let g(d) = b*i(d) - 8*t(d). Calculate g(-7).
-9
Let c(f) = -f**2 + 26*f + 189. Let i be c(32). Let n(r) = 10*r - 3. Calculate n(i).
-33
Let v(f) = 2*f - 5. Let l(u) = -3*u + 5. Let y(s) = 3*l(s) + 4*v(s). Let m be 8/20*29/((-261)/(-90)). Give y(m).
-9
Let x(q) = q**2 - 7*q + 5. Let a be (8 - 0)*(-5)/(180/(-27)). Give x(a).
-1
Let t(y) = -2*y**2 - y + 1. Let a(f) = -7*f**2 - 6*f + 1. Let g(z) = 3*a(z) - 10*t(z). Let b be (-6 + 3)*(-14)/(-6). Determine g(b).
0
Let l(h) = 6476 - h**2 - 6481 + 2*h + 0*h. Give l(6).
-29
Let y(n) = -n**2 + 4*n + 5*n + 42 + 2*n + n - 11*n. Determine y(7).
0
Let m(h) = h**3 - 49*h**2 + 51*h - 141. Let r be m(48). Let t(a) = -a**3 + 2*a**2 + 3*a + 2. Determine t(r).
2
Suppose 0 = t - 5*t + 24. Let u(a) be the second derivative of -a**4/12 + a**3 + 4*a**2 + 3*a + 5. Give u(t).
8
Let d(j) = -3*j**2 + 5*j - 6. Let k = -315 - -319. Calculate d(k).
-34
Suppose -30 = 137*t - 134*t. Let l(o) = o**2 + 12*o - 6. Calculate l(t).
-26
Let k = 28 - 25. Let v(a) = -17*a + 12*a + 11*a + a**2 + k. Determine v(-4).
-5
Let p(k) = -k**2 - 2*k**3 + 4 + 314*k + k**3 - 313*k + 11. Let q(f) = -f. Let w be q(0). What is p(w)?
15
Let s(r) = -10*r - 2. Let a = 511 - 508. Determine s(a).
-32
Let u be 1*75/(-2)*(-80)/120. Let p(x) = 2*x**2 + u*x - 7*x**3 - 24*x + 0*x**3. What is p(-1)?
8
Let j(q) = 2*q. Suppose -6*t - 6 = -9*t. Suppose -3*z + t = -1. Let y be j(z). Let s(u) = u**3 + 2*u**2 - 2*u - 1. What is s(y)?
11
Suppose 7*r + 2*o - 14 = 5*r, 0 = 2*r - o - 17. Let h(j) = -j**3 - j + 1. Let s(x) = x**3 + 9*x**2 - 5*x - 5. Let q(a) = 2*h(a) + s(a). Determine q(r).
5
Suppose w = 2*j, -w - 2*w = 4*j. Let t(i) = 7 - 20 + w + i. Let s be t(12). Let c(a) = 6*a**3 - a**2. What is c(s)?
-7
Let f(k) = 51*k + 61*k + 3 - 110*k - k**2. Give f(-2).
-5
Let c(t) = -116*t + 52. Let a(f) = 18*f - 8. Let i(l) = -32*a(l) - 5*c(l). What is i(3)?
8
Let q(c) = c**2 - 9*c + 8. Let k(v) = v**3 - 2*v + 2. Suppose -3*r + 10 = 2*r. Let w be k(r). Give q(w).
-10
Let p(h) be the first derivative of 4 + 0*h + h**2 - 1/24*h**4 + 1/6*h**3. Let n(y) be the second derivative of p(y). Give n(-5).
6
Let w(v) = 2*v**3 + 7*v**2 - 7*v + 7. Let f(k) = k**3 + 3*k**2 - 3*k + 4. Suppose 5*i - 34 - 1 = 0. Let r(o) = i*f(o) - 3*w(o). Give r(0).
7
Let r(j) be the second derivative of j**5/20 + 5*j**4/12 - 4*j**3/3 - j**2 - 51*j + 1. Give r(-6).
10
Let m(r) = -r**2 + 4*r. Let x be 3 + 14/2 + -4 + 1. Suppose 7 = g + y, -g - 2*y = -0*y - x. Give m(g).
-21
Let v(f) be the third derivative of 0*f**3 + 10*f**2 + 0*f - 1/24*f**4 + 0 - 1/60*f**5. What is v(-3)?
-6
Let y(f) = -2*f**3 - f. Let u(k) = -13*k**3 + 6*k**2 - 14*k + 6. Let z(j) = u(j) - 6*y(j). Calculate z(6).
-42
Let z(a) be the third derivative of -13*a**4/24 + a**3/3 - 79*a**2. Calculate z(-2).
28
Let l(r) be the third derivative of -7*r**5/60 + r**4/24 - 2*r**2. Let k be l(-1). Let n be k/10*(6 - 1). Let f(q) = -q**3 - 3*q**2 + 5*q + 2. Determine f(n).
-2
Let t(w) = -2*w**2 + 8*w. Let b(q) = 3*q**2 - 9*q. Let x(y) = -3*b(y) - 4*t(y). Suppose 0 = -p - 13 + 28. Let k = p - 18. Give x(k).
6
Suppose q - 3*q + 5*g = -24, -16 = -4*q + 2*g. Let x(n) = -2 - 2*n**2 + 4*n**2 + 0*n**2 - 3*n**q + 6*n. What is x(6)?
-2
Let z(v) = -v - 10. Let j(q) = -q - 11. Let t(m) = -3*j(m) + 4*z(m). Let u(f) = 2. Let i(r) = -4*t(r) - 14*u(r). Determine i(-4).
-16
Let p(c) = -c**3 - 8*c**2 - 11*c - 7. Let t be p(-7). Let l(z) = 5*z - 2 + 12*z - t*z. What is l(-2)?
6
Suppose -3*m = -2 - 1. Let r be (2 + m - 0) + 3. Let v be (-2)/r - (-4)/(-6). Let g(i) = 6*i**3 - i - 1. Calculate g(v).
-6
Let q be ((-18)/(-45))/(2/10). Let u(k) = -4 + 12 - 5 - 2 - 2*k - 6*k**q. What is u(-2)?
-19
Let p(d) = -3*d**2 + 6*d - 7. Let f(a) = 7*a**2 - 13*a + 14. Let y(b) = 4*f(b) + 9*p(b). Let l = 1317 - 1322. Give y(l).
8
Let l(z) = -2*z**2 + 2*z. Suppose -38 = -11*p - 5. What is l(p)?
-12
Let a(w) = w**3 + 2*w**2 - 3*w - 2. Let n = -1 - -60. Let y = -62 + n. Give a(y).
-2
Suppose 11 = -11*j + 44. Let x(q) = -2*q + j*q + 6*q. Give x(-2).
-14
Let y(v) be the third derivative of 9*v**2 - 1/4*v**4 + 0 - 1/6*v**3 + 0*v. Calculate y(1).
-7
Let j = -47 + 70. Suppose -b + j = 18. Let z(a) = -a**2 + 5*a + 6. Give z(b).
6
Let p(o) = o**3 - 10*o**2 - 11*o. Let f be p(11). Suppose f = -g - 5 + 10. Let t(x) = -x**3 + 5*x**2 - 2*x + 5. Give t(g).
-5
Let l(d) = d**2 - 182*d + 87*d + 92*d - 3. Determine l(4).
1
Let i be ((-6)/10 + (-319)/110)*-10. Let w(z) = z - 18 + i - 24. Give w(6).
-1
Let c(s) = s**2 + s + 668 - 670 + s**2. Let w = -2 + 4. Suppose -w = -4*k - 10. Calculate c(k).
4
Let v(l) = 5*l**3 - 9*l**2 - 2*l + 3. Let r be (-1)/((-1)/33*-3). Let j(b) = -14*b**3 + 26*b**2 + 7*b - 10. Let f(u) = r*v(u) - 4*j(u). What is f(6)?
7
Let l be 1 + (-2 - 3)*(-4)/10. Let j(o) = 3*o - 1 + l - 2*o - 3. What is j(-1)?
-2
Let f be -4*1*(-13)/(234/(-27)). Let p(s) = 2*s + 6. Calculate p(f).
-6
Let y(u) = -6*u - 5. Let g be y(-1). Let d(c) = 4*c**2 + g - 10*c**2 + 38*c**3 + 4 - 39*c**3. What is d(-6)?
5
Let h(r) be the first derivative of -13*r**3/3 - r**2 + r + 1. Let j(a) = a**3 - 7*a**2 - 87*a + 474. Let o be j(11). Calculate h(o).
-14
Suppose -44 = 4*i - 5*y, -2*i - 21 - 11 = -5*y. Let r(b) = -2*b**2 - 8*b - 7. Determine r(i).
-31
Let k(n) = n**3 - 2*n + 5. Suppose -4*u = -2*l - 20, 5*l + 4*u - 3*u = 5. Calculate k(l).
5
Let b(t) be the third derivative of -t**5/60 + t**4/3 - 13*t**2 + 2*t. Calculate b(6).
12
Let r(n) = 9*n - 7. Let l be r(1). Let b(x) = -8 - 122*x + 119*x + l*x**2 - x**2 + 0*x**2. Let o(i) = i**2 - 6*i + 6. Let q be o(6). Give b(q).
10
Let j(t) = 2*t**2 - 2. Suppose -2*h - 81 = s, -3*h - 2*s - 187 = -66. Let w = h + 43. Determine j(w).
6
Let t = 40 - 40. Suppose t = 5*i + 13 - 3. Let s(c) = c**3 + 2*c**2 - 4*c + 4. Let l(o) = -o**3 - 2*o**2 + 3*o - 3. Let b(d) = -5*l(d) - 4*s(d). Give b(i).
-3
Let o(k) = 7*k**2 + 3*k - 4. Let w(s) = 16*s**2 + 6*s - 9. Let x(z) = -9*o(z) + 4*w(z). Calculate x(4).
4
Suppose v - 20 = -9. Let h(o) = o**3 - 10*o**2 - 10*o - 6. Let p be h(v). Let w(b) = b + 1. Determine w(p